is divided by 141?
119
What is the remainder when 318871 is divided by 184?
183
Calculate the remainder when 62451 is divided by 239.
72
Calculate the remainder when 5552 is divided by 3927.
1625
What is the remainder when 3627 is divided by 1181?
84
What is the remainder when 15331 is divided by 456?
283
What is the remainder when 18900 is divided by 182?
154
What is the remainder when 130242 is divided by 21700?
42
What is the remainder when 9852 is divided by 1638?
24
Calculate the remainder when 33464 is divided by 441.
389
Calculate the remainder when 626 is divided by 461.
165
Calculate the remainder when 52151 is divided by 704.
55
Calculate the remainder when 1852721 is divided by 111.
20
What is the remainder when 11749 is divided by 135?
4
What is the remainder when 5138 is divided by 234?
224
What is the remainder when 41524 is divided by 428?
8
Calculate the remainder when 5460 is divided by 526.
200
What is the remainder when 22629 is divided by 62?
61
Calculate the remainder when 20802 is divided by 72.
66
Calculate the remainder when 38760 is divided by 35.
15
Calculate the remainder when 13434 is divided by 2247.
2199
Calculate the remainder when 18411 is divided by 3.
0
Calculate the remainder when 282971 is divided by 275.
271
Calculate the remainder when 37224 is divided by 315.
54
What is the remainder when 23938 is divided by 679?
173
What is the remainder when 978 is divided by 803?
175
What is the remainder when 617 is divided by 65?
32
What is the remainder when 55875 is divided by 201?
198
Calculate the remainder when 1474 is divided by 345.
94
What is the remainder when 51561 is divided by 17186?
3
Calculate the remainder when 1200144 is divided by 30.
24
What is the remainder when 150002 is divided by 528?
50
Calculate the remainder when 532 is divided by 67.
63
Calculate the remainder when 17339 is divided by 51.
50
Calculate the remainder when 6502 is divided by 2163.
13
Calculate the remainder when 714698 is divided by 700.
698
What is the remainder when 570559 is divided by 5?
4
Calculate the remainder when 295754 is divided by 42.
32
What is the remainder when 9056 is divided by 822?
14
Calculate the remainder when 149228 is divided by 24.
20
Calculate the remainder when 480 is divided by 219.
42
Calculate the remainder when 291229 is divided by 360.
349
What is the remainder when 101817 is divided by 12725?
17
What is the remainder when 9549 is divided by 499?
68
What is the remainder when 754856 is divided by 1641?
1637
What is the remainder when 6577 is divided by 28?
25
What is the remainder when 4927772 is divided by 439?
436
What is the remainder when 23144 is divided by 154?
44
Calculate the remainder when 51587 is divided by 3191.
531
What is the remainder when 1197 is divided by 581?
35
What is the remainder when 31037 is divided by 361?
352
What is the remainder when 343690 is divided by 36?
34
Calculate the remainder when 7643 is divided by 294.
293
Calculate the remainder when 3136 is divided by 453.
418
What is the remainder when 9679 is divided by 262?
247
What is the remainder when 3374224 is divided by 62?
60
What is the remainder when 4138 is divided by 190?
148
What is the remainder when 111173 is divided by 104?
101
Calculate the remainder when 64568 is divided by 53.
14
Calculate the remainder when 27249 is divided by 20.
9
Calculate the remainder when 216658 is divided by 314.
312
Calculate the remainder when 276578 is divided by 10.
8
Calculate the remainder when 2046 is divided by 594.
264
Calculate the remainder when 9225 is divided by 2085.
885
What is the remainder when 2559 is divided by 274?
93
What is the remainder when 21994 is divided by 3132?
70
Calculate the remainder when 206738 is divided by 206731.
7
Calculate the remainder when 12919 is divided by 30.
19
Calculate the remainder when 2273 is divided by 204.
29
Calculate the remainder when 448723 is divided by 342.
19
What is the remainder when 107200 is divided by 28?
16
What is the remainder when 1706 is divided by 26?
16
What is the remainder when 4449 is divided by 29?
12
Calculate the remainder when 291026 is divided by 117.
47
What is the remainder when 5382 is divided by 222?
54
What is the remainder when 183216 is divided by 2955?
6
What is the remainder when 68260 is divided by 34120?
20
What is the remainder when 2511 is divided by 125?
11
Calculate the remainder when 215002 is divided by 46.
44
What is the remainder when 2399 is divided by 40?
39
Calculate the remainder when 883 is divided by 26.
25
What is the remainder when 70245 is divided by 70224?
21
What is the remainder when 20687 is divided by 19?
15
What is the remainder when 99258 is divided by 6?
0
Calculate the remainder when 152 is divided by 53.
46
Calculate the remainder when 46173 is divided by 1442.
29
What is the remainder when 5576 is divided by 2784?
8
Calculate the remainder when 535691 is divided by 719.
36
What is the remainder when 178902 is divided by 1420?
1402
What is the remainder when 80491 is divided by 144?
139
What is the remainder when 963 is divided by 93?
33
What is the remainder when 13563 is divided by 27?
9
What is the remainder when 53531 is divided by 71?
68
What is the remainder when 898 is divided by 44?
18
Calculate the remainder when 19896 is divided by 188.
156
What is the remainder when 1403 is divided by 1242?
161
What is the remainder when 189428 is divided by 4405?
13
What is the remainder when 122230 is divided by 88?
86
What is the remainder when 1598538 is divided by 38?
30
What is the remainder when 84164 is divided by 7000?
164
Calculate the remainder when 6141 is divided by 49.
16
Calculate the remainder when 14777 is divided by 192.
185
What is the remainder when 3418 is divided by 156?
142
Calculate the remainder when 2146 is divided by 2128.
18
Calculate the remainder when 47464 is divided by 4741.
54
Calculate the remainder when 93448 is divided by 19.
6
Calculate the remainder when 1896735 is divided by 291.
288
What is the remainder when 385093 is divided by 128361?
10
What is the remainder when 38155 is divided by 909?
886
What is the remainder when 855 is divided by 567?
288
Calculate the remainder when 5897 is divided by 653.
20
What is the remainder when 67472 is divided by 499?
107
What is the remainder when 23198 is divided by 1160?
1158
Calculate the remainder when 8682 is divided by 723.
6
What is the remainder when 150142 is divided by 38?
4
What is the remainder when 3601 is divided by 1565?
471
Calculate the remainder when 137732 is divided by 39.
23
What is the remainder when 1170 is divided by 379?
33
Calculate the remainder when 92086 is divided by 653.
13
Calculate the remainder when 6196 is divided by 604.
156
Calculate the remainder when 124909 is divided by 22.
15
Calculate the remainder when 86416 is divided by 4800.
16
What is the remainder when 214707 is divided by 13?
12
What is the remainder when 288 is divided by 6?
0
What is the remainder when 246284 is divided by 733?
729
Calculate the remainder when 130468 is divided by 157.
1
Calculate the remainder when 795 is divided by 384.
27
What is the remainder when 12292 is divided by 341?
16
What is the remainder when 4229 is divided by 1365?
134
Calculate the remainder when 12898 is divided by 4134.
496
Calculate the remainder when 311039 is divided by 432.
431
Calculate the remainder when 94998 is divided by 22.
2
What is the remainder when 14979 is divided by 483?
6
What is the remainder when 11452 is divided by 616?
364
What is the remainder when 667438 is divided by 240?
238
Calculate the remainder when 7527 is divided by 7381.
146
What is the remainder when 3384 is divided by 259?
17
What is the remainder when 2132 is divided by 118?
8
Calculate the remainder when 90394 is divided by 27.
25
What is the remainder when 236357 is divided by 6?
5
Calculate the remainder when 1574 is divided by 408.
350
What is the remainder when 1274 is divided by 126?
14
What is the remainder when 16710 is divided by 1311?
978
Calculate the remainder when 3902493 is divided by 689.
686
Calculate the remainder when 2216 is divided by 187.
159
What is the remainder when 5768 is divided by 95?
68
What is the remainder when 36997 is divided by 6157?
